{"id":313,"date":"2023-03-04T05:57:56","date_gmt":"2023-03-04T05:57:56","guid":{"rendered":"https:\/\/vwpengenharia.com.br\/?page_id=313"},"modified":"2023-04-26T01:20:17","modified_gmt":"2023-04-26T01:20:17","slug":"projetos-de-prevencao-e-combate-a-incendio","status":"publish","type":"page","link":"https:\/\/vwpengenharia.com.br\/index.php\/projetos-de-prevencao-e-combate-a-incendio\/","title":{"rendered":"Projetos de Preven\u00e7\u00e3o e Combate a Inc\u00eandio"},"content":{"rendered":"\t\t<div data-elementor-type=\"wp-page\" data-elementor-id=\"313\" class=\"elementor elementor-313\">\n\t\t\t\t\t\t\t\t\t<section class=\"elementor-section elementor-top-section elementor-element elementor-element-18cc8d5f elementor-section-boxed elementor-section-height-default elementor-section-height-default\" data-id=\"18cc8d5f\" data-element_type=\"section\" data-settings=\"{&quot;background_background&quot;:&quot;classic&quot;}\">\n\t\t\t\t\t\t\t<div class=\"elementor-background-overlay\"><\/div>\n\t\t\t\t\t\t\t<div class=\"elementor-container elementor-column-gap-default\">\n\t\t\t\t\t<div class=\"elementor-column elementor-col-100 elementor-top-column elementor-element elementor-element-6bef6c02 elementor-invisible\" data-id=\"6bef6c02\" data-element_type=\"column\" data-settings=\"{&quot;animation&quot;:&quot;fadeInLeft&quot;}\">\n\t\t\t<div class=\"elementor-widget-wrap elementor-element-populated\">\n\t\t\t\t\t\t\t\t<div class=\"elementor-element elementor-element-445acdb0 elementor-widget elementor-widget-heading\" data-id=\"445acdb0\" data-element_type=\"widget\" data-widget_type=\"heading.default\">\n\t\t\t\t<div class=\"elementor-widget-container\">\n\t\t\t<style>\/*! elementor - v3.10.2 - 29-01-2023 *\/\n.elementor-heading-title{padding:0;margin:0;line-height:1}.elementor-widget-heading .elementor-heading-title[class*=elementor-size-]>a{color:inherit;font-size:inherit;line-height:inherit}.elementor-widget-heading .elementor-heading-title.elementor-size-small{font-size:15px}.elementor-widget-heading .elementor-heading-title.elementor-size-medium{font-size:19px}.elementor-widget-heading .elementor-heading-title.elementor-size-large{font-size:29px}.elementor-widget-heading .elementor-heading-title.elementor-size-xl{font-size:39px}.elementor-widget-heading .elementor-heading-title.elementor-size-xxl{font-size:59px}<\/style><h2 class=\"elementor-heading-title elementor-size-default\">Projetos de Preven\u00e7\u00e3o e Combate a Inc\u00eandio<\/h2>\t\t<\/div>\n\t\t\t\t<\/div>\n\t\t\t\t<div class=\"elementor-element elementor-element-4c65041e elementor-widget elementor-widget-text-editor\" data-id=\"4c65041e\" data-element_type=\"widget\" data-widget_type=\"text-editor.default\">\n\t\t\t\t<div class=\"elementor-widget-container\">\n\t\t\t<style>\/*! elementor - v3.10.2 - 29-01-2023 *\/\n.elementor-widget-text-editor.elementor-drop-cap-view-stacked .elementor-drop-cap{background-color:#818a91;color:#fff}.elementor-widget-text-editor.elementor-drop-cap-view-framed .elementor-drop-cap{color:#818a91;border:3px solid;background-color:transparent}.elementor-widget-text-editor:not(.elementor-drop-cap-view-default) .elementor-drop-cap{margin-top:8px}.elementor-widget-text-editor:not(.elementor-drop-cap-view-default) .elementor-drop-cap-letter{width:1em;height:1em}.elementor-widget-text-editor .elementor-drop-cap{float:left;text-align:center;line-height:1;font-size:50px}.elementor-widget-text-editor .elementor-drop-cap-letter{display:inline-block}<\/style>\t\t\t\t<p>Desenvolvimento e assessoria T\u00e9cnica.<\/p>\t\t\t\t\t\t<\/div>\n\t\t\t\t<\/div>\n\t\t\t\t\t<\/div>\n\t\t<\/div>\n\t\t\t\t\t\t\t<\/div>\n\t\t<\/section>\n\t\t\t\t<section class=\"elementor-section elementor-top-section elementor-element elementor-element-35a1136e elementor-section-content-middle elementor-reverse-tablet elementor-reverse-mobile elementor-section-boxed elementor-section-height-default elementor-section-height-default\" data-id=\"35a1136e\" data-element_type=\"section\">\n\t\t\t\t\t\t<div class=\"elementor-container elementor-column-gap-default\">\n\t\t\t\t\t<div class=\"elementor-column elementor-col-50 elementor-top-column elementor-element elementor-element-67950b27 elementor-invisible\" data-id=\"67950b27\" data-element_type=\"column\" data-settings=\"{&quot;animation&quot;:&quot;fadeInLeft&quot;}\">\n\t\t\t<div class=\"elementor-widget-wrap elementor-element-populated\">\n\t\t\t\t\t\t\t\t<div class=\"elementor-element elementor-element-33b83338 elementor-widget elementor-widget-heading\" data-id=\"33b83338\" data-element_type=\"widget\" data-widget_type=\"heading.default\">\n\t\t\t\t<div class=\"elementor-widget-container\">\n\t\t\t<h6 class=\"elementor-heading-title elementor-size-default\">01-<\/h6>\t\t<\/div>\n\t\t\t\t<\/div>\n\t\t\t\t<div class=\"elementor-element elementor-element-1848d737 elementor-widget elementor-widget-text-editor\" data-id=\"1848d737\" data-element_type=\"widget\" data-widget_type=\"text-editor.default\">\n\t\t\t\t<div class=\"elementor-widget-container\">\n\t\t\t\t\t\t\t\t\t\t\t\t\t<\/div>\n\t\t\t\t<\/div>\n\t\t\t\t<div class=\"elementor-element elementor-element-751014af elementor-view-stacked elementor-position-left elementor-mobile-position-left elementor-shape-circle elementor-vertical-align-top elementor-widget elementor-widget-icon-box\" data-id=\"751014af\" data-element_type=\"widget\" data-widget_type=\"icon-box.default\">\n\t\t\t\t<div class=\"elementor-widget-container\">\n\t\t\t<link rel=\"stylesheet\" href=\"https:\/\/vwpengenharia.com.br\/wp-content\/plugins\/elementor\/assets\/css\/widget-icon-box.min.css\">\t\t<div class=\"elementor-icon-box-wrapper\">\n\t\t\t\t\t\t<div class=\"elementor-icon-box-icon\">\n\t\t\t\t<span class=\"elementor-icon elementor-animation-\" >\n\t\t\t\t<i aria-hidden=\"true\" class=\"icon icon-graph\"><\/i>\t\t\t\t<\/span>\n\t\t\t<\/div>\n\t\t\t\t\t\t<div class=\"elementor-icon-box-content\">\n\t\t\t\t<div class=\"elementor-icon-box-title\">\n\t\t\t\t\t<span  >\n\t\t\t\t\t\tDesenvolvimento de Projetos \t\t\t\t\t<\/span>\n\t\t\t\t<\/div>\n\t\t\t\t\t\t\t\t\t<p class=\"elementor-icon-box-description\">\n\t\t\t\t\t\tElabora\u00e7\u00e3o e Aprova\u00e7\u00e3o de Projeto T\u00e9cnico junto ao Corpo de Bombeiros contemplando todas as medidas de prote\u00e7\u00e3o ativa e passiva com seus respectivos memoriais e planilhas de c\u00e1lculo exigidas e necess\u00e1rias\t\t\t\t\t<\/p>\n\t\t\t\t\t\t\t<\/div>\n\t\t<\/div>\n\t\t\t\t<\/div>\n\t\t\t\t<\/div>\n\t\t\t\t<div class=\"elementor-element elementor-element-766f11d elementor-view-stacked elementor-position-left elementor-mobile-position-left elementor-shape-circle elementor-vertical-align-top elementor-widget elementor-widget-icon-box\" data-id=\"766f11d\" data-element_type=\"widget\" data-widget_type=\"icon-box.default\">\n\t\t\t\t<div class=\"elementor-widget-container\">\n\t\t\t\t\t<div class=\"elementor-icon-box-wrapper\">\n\t\t\t\t\t\t<div class=\"elementor-icon-box-icon\">\n\t\t\t\t<span class=\"elementor-icon elementor-animation-\" >\n\t\t\t\t<i aria-hidden=\"true\" class=\"icon icon-Document-Search\"><\/i>\t\t\t\t<\/span>\n\t\t\t<\/div>\n\t\t\t\t\t\t<div class=\"elementor-icon-box-content\">\n\t\t\t\t<div class=\"elementor-icon-box-title\">\n\t\t\t\t\t<span  >\n\t\t\t\t\t\tAssessoria t\u00e9cnica para emiss\u00e3o inicial e renova\u00e7\u00e3o de AVCB e CLCB.\t\t\t\t\t<\/span>\n\t\t\t\t<\/div>\n\t\t\t\t\t\t\t\t\t<p class=\"elementor-icon-box-description\">\n\t\t\t\t\t\t Vistoria AVCB do Corpo de Bombeiros \u200brealizamos primeiro um \u201cProjeto de Seguran\u00e7a Contra Inc\u00eandio\u201d onde constam todas as medidas de situa\u00e7\u00e3o de emerg\u00eancia que o im\u00f3vel ter\u00e1, incluindo luzes de emerg\u00eancia, portas corta fogo, extintores, sinaliza\u00e7\u00e3o de sa\u00eddas de emerg\u00eancia e outros.\t\t\t\t\t<\/p>\n\t\t\t\t\t\t\t<\/div>\n\t\t<\/div>\n\t\t\t\t<\/div>\n\t\t\t\t<\/div>\n\t\t\t\t<div class=\"elementor-element elementor-element-59e9f3b2 elementor-view-stacked elementor-position-left elementor-mobile-position-left elementor-shape-circle elementor-vertical-align-top elementor-widget elementor-widget-icon-box\" data-id=\"59e9f3b2\" data-element_type=\"widget\" data-widget_type=\"icon-box.default\">\n\t\t\t\t<div class=\"elementor-widget-container\">\n\t\t\t\t\t<div class=\"elementor-icon-box-wrapper\">\n\t\t\t\t\t\t<div class=\"elementor-icon-box-icon\">\n\t\t\t\t<span class=\"elementor-icon elementor-animation-\" >\n\t\t\t\t<i aria-hidden=\"true\" class=\"icon icon-license\"><\/i>\t\t\t\t<\/span>\n\t\t\t<\/div>\n\t\t\t\t\t\t<div class=\"elementor-icon-box-content\">\n\t\t\t\t<div class=\"elementor-icon-box-title\">\n\t\t\t\t\t<span  >\n\t\t\t\t\t\tAtestados t\u00e9cnicos e relat\u00f3rios de inspe\u00e7\u00e3o.\t\t\t\t\t<\/span>\n\t\t\t\t<\/div>\n\t\t\t\t\t\t\t\t\t<p class=\"elementor-icon-box-description\">\n\t\t\t\t\t\tatestados t\u00e9cnicos dos sistemas assinados por um de nossos profissionais credenciados e com recolhimento da ART ( Anota\u00e7\u00e3o de Resposabilidade T\u00e9cnica )\t\t\t\t\t<\/p>\n\t\t\t\t\t\t\t<\/div>\n\t\t<\/div>\n\t\t\t\t<\/div>\n\t\t\t\t<\/div>\n\t\t\t\t<div class=\"elementor-element elementor-element-841b515 elementor-view-stacked elementor-position-left elementor-mobile-position-left elementor-shape-circle elementor-vertical-align-top elementor-widget elementor-widget-icon-box\" data-id=\"841b515\" data-element_type=\"widget\" data-widget_type=\"icon-box.default\">\n\t\t\t\t<div class=\"elementor-widget-container\">\n\t\t\t\t\t<div class=\"elementor-icon-box-wrapper\">\n\t\t\t\t\t\t<div class=\"elementor-icon-box-icon\">\n\t\t\t\t<span class=\"elementor-icon elementor-animation-\" >\n\t\t\t\t<i aria-hidden=\"true\" class=\"far fa-newspaper\"><\/i>\t\t\t\t<\/span>\n\t\t\t<\/div>\n\t\t\t\t\t\t<div class=\"elementor-icon-box-content\">\n\t\t\t\t<div class=\"elementor-icon-box-title\">\n\t\t\t\t\t<span  >\n\t\t\t\t\t\tLaudo ART para Feiras e Eventos  \t\t\t\t\t<\/span>\n\t\t\t\t<\/div>\n\t\t\t\t\t\t\t\t\t<p class=\"elementor-icon-box-description\">\n\t\t\t\t\t\tLaudo Art, ou Anota\u00e7\u00e3o responsabilidade t\u00e9cnica, \u00e9 um registro que todo o engenheiro dever\u00e1 fazer junto ao CREA sobre os seus servi\u00e7os. Apenas profissionais registrados no CREA podem emitir o Laudo ART, e deve ser feito para cada servi\u00e7o prestado.\t\t\t\t\t<\/p>\n\t\t\t\t\t\t\t<\/div>\n\t\t<\/div>\n\t\t\t\t<\/div>\n\t\t\t\t<\/div>\n\t\t\t\t\t<\/div>\n\t\t<\/div>\n\t\t\t\t<div class=\"elementor-column elementor-col-50 elementor-top-column elementor-element elementor-element-2593a737 elementor-invisible\" data-id=\"2593a737\" data-element_type=\"column\" data-settings=\"{&quot;animation&quot;:&quot;rotateIn&quot;}\">\n\t\t\t<div class=\"elementor-widget-wrap elementor-element-populated\">\n\t\t\t\t\t\t\t\t<div class=\"elementor-element elementor-element-fc59d8e elementor-widget elementor-widget-image\" data-id=\"fc59d8e\" data-element_type=\"widget\" data-widget_type=\"image.default\">\n\t\t\t\t<div class=\"elementor-widget-container\">\n\t\t\t<style>\/*! elementor - v3.10.2 - 29-01-2023 *\/\n.elementor-widget-image{text-align:center}.elementor-widget-image a{display:inline-block}.elementor-widget-image a img[src$=\".svg\"]{width:48px}.elementor-widget-image img{vertical-align:middle;display:inline-block}<\/style>\t\t\t\t\t\t\t\t\t\t\t\t<img loading=\"lazy\" decoding=\"async\" width=\"1766\" height=\"1179\" src=\"https:\/\/vwpengenharia.com.br\/wp-content\/uploads\/2023\/02\/inspecao-de-combate-a-incendio-bx-1.jpg\" class=\"attachment-full size-full wp-image-275\" alt=\"\" srcset=\"https:\/\/vwpengenharia.com.br\/wp-content\/uploads\/2023\/02\/inspecao-de-combate-a-incendio-bx-1.jpg 1766w, https:\/\/vwpengenharia.com.br\/wp-content\/uploads\/2023\/02\/inspecao-de-combate-a-incendio-bx-1-300x200.jpg 300w, https:\/\/vwpengenharia.com.br\/wp-content\/uploads\/2023\/02\/inspecao-de-combate-a-incendio-bx-1-1024x684.jpg 1024w, https:\/\/vwpengenharia.com.br\/wp-content\/uploads\/2023\/02\/inspecao-de-combate-a-incendio-bx-1-768x513.jpg 768w, https:\/\/vwpengenharia.com.br\/wp-content\/uploads\/2023\/02\/inspecao-de-combate-a-incendio-bx-1-1536x1025.jpg 1536w\" sizes=\"auto, (max-width: 1766px) 100vw, 1766px\" \/>\t\t\t\t\t\t\t\t\t\t\t\t\t\t\t<\/div>\n\t\t\t\t<\/div>\n\t\t\t\t\t<\/div>\n\t\t<\/div>\n\t\t\t\t\t\t\t<\/div>\n\t\t<\/section>\n\t\t\t\t\t\t\t<\/div>\n\t\t","protected":false},"excerpt":{"rendered":"<p>Projetos de Preven\u00e7\u00e3o e Combate a Inc\u00eandio Desenvolvimento e assessoria T\u00e9cnica. 01- Desenvolvimento de Projetos Elabora\u00e7\u00e3o e Aprova\u00e7\u00e3o de Projeto T\u00e9cnico junto ao Corpo de Bombeiros contemplando todas as medidas de prote\u00e7\u00e3o ativa e passiva com seus respectivos memoriais e planilhas de c\u00e1lculo exigidas e necess\u00e1rias Assessoria t\u00e9cnica para emiss\u00e3o inicial e renova\u00e7\u00e3o de AVCB [&hellip;]<\/p>\n","protected":false},"author":1,"featured_media":0,"parent":0,"menu_order":0,"comment_status":"closed","ping_status":"closed","template":"elementor_header_footer","meta":{"footnotes":""},"class_list":["post-313","page","type-page","status-publish","hentry"],"yoast_head":"<!-- This site is optimized with the Yoast SEO plugin v20.2.1 - https:\/\/yoast.com\/wordpress\/plugins\/seo\/ -->\n<title>Projetos de Preven\u00e7\u00e3o e Combate a Inc\u00eandio - VWP ENGENHARIA<\/title>\n<meta name=\"robots\" content=\"index, follow, max-snippet:-1, max-image-preview:large, max-video-preview:-1\" \/>\n<link rel=\"canonical\" href=\"https:\/\/vwpengenharia.com.br\/index.php\/projetos-de-prevencao-e-combate-a-incendio\/\" \/>\n<meta property=\"og:locale\" content=\"pt_BR\" \/>\n<meta property=\"og:type\" content=\"article\" \/>\n<meta property=\"og:title\" content=\"Projetos de Preven\u00e7\u00e3o e Combate a Inc\u00eandio - VWP ENGENHARIA\" \/>\n<meta property=\"og:description\" content=\"Projetos de Preven\u00e7\u00e3o e Combate a Inc\u00eandio Desenvolvimento e assessoria T\u00e9cnica. 01- Desenvolvimento de Projetos Elabora\u00e7\u00e3o e Aprova\u00e7\u00e3o de Projeto T\u00e9cnico junto ao Corpo de Bombeiros contemplando todas as medidas de prote\u00e7\u00e3o ativa e passiva com seus respectivos memoriais e planilhas de c\u00e1lculo exigidas e necess\u00e1rias Assessoria t\u00e9cnica para emiss\u00e3o inicial e renova\u00e7\u00e3o de AVCB [&hellip;]\" \/>\n<meta property=\"og:url\" content=\"https:\/\/vwpengenharia.com.br\/index.php\/projetos-de-prevencao-e-combate-a-incendio\/\" \/>\n<meta property=\"og:site_name\" content=\"VWP ENGENHARIA\" \/>\n<meta property=\"article:publisher\" content=\"https:\/\/pt-br.facebook.com\/vwpengenharia\/\" \/>\n<meta property=\"article:modified_time\" content=\"2023-04-26T01:20:17+00:00\" \/>\n<meta property=\"og:image\" content=\"https:\/\/vwpengenharia.com.br\/wp-content\/uploads\/2023\/02\/inspecao-de-combate-a-incendio-bx-1.jpg\" \/>\n<meta name=\"twitter:card\" content=\"summary_large_image\" \/>\n<meta name=\"twitter:label1\" content=\"Est. tempo de leitura\" \/>\n\t<meta name=\"twitter:data1\" content=\"2 minutos\" \/>\n<script type=\"application\/ld+json\" class=\"yoast-schema-graph\">{\"@context\":\"https:\/\/schema.org\",\"@graph\":[{\"@type\":\"WebPage\",\"@id\":\"https:\/\/vwpengenharia.com.br\/index.php\/projetos-de-prevencao-e-combate-a-incendio\/\",\"url\":\"https:\/\/vwpengenharia.com.br\/index.php\/projetos-de-prevencao-e-combate-a-incendio\/\",\"name\":\"Projetos de Preven\u00e7\u00e3o e Combate a Inc\u00eandio - VWP ENGENHARIA\",\"isPartOf\":{\"@id\":\"https:\/\/vwpengenharia.com.br\/#website\"},\"datePublished\":\"2023-03-04T05:57:56+00:00\",\"dateModified\":\"2023-04-26T01:20:17+00:00\",\"breadcrumb\":{\"@id\":\"https:\/\/vwpengenharia.com.br\/index.php\/projetos-de-prevencao-e-combate-a-incendio\/#breadcrumb\"},\"inLanguage\":\"pt-BR\",\"potentialAction\":[{\"@type\":\"ReadAction\",\"target\":[\"https:\/\/vwpengenharia.com.br\/index.php\/projetos-de-prevencao-e-combate-a-incendio\/\"]}]},{\"@type\":\"BreadcrumbList\",\"@id\":\"https:\/\/vwpengenharia.com.br\/index.php\/projetos-de-prevencao-e-combate-a-incendio\/#breadcrumb\",\"itemListElement\":[{\"@type\":\"ListItem\",\"position\":1,\"name\":\"In\u00edcio\",\"item\":\"https:\/\/vwpengenharia.com.br\/\"},{\"@type\":\"ListItem\",\"position\":2,\"name\":\"Projetos de Preven\u00e7\u00e3o e Combate a Inc\u00eandio\"}]},{\"@type\":\"WebSite\",\"@id\":\"https:\/\/vwpengenharia.com.br\/#website\",\"url\":\"https:\/\/vwpengenharia.com.br\/\",\"name\":\"VWP ENGENHARIA\",\"description\":\"Seguran\u00e7a Contra inc\u00eandio\",\"alternateName\":\"projetos de preven\u00e7\u00e3o e combate a inc\u00eandio.\",\"potentialAction\":[{\"@type\":\"SearchAction\",\"target\":{\"@type\":\"EntryPoint\",\"urlTemplate\":\"https:\/\/vwpengenharia.com.br\/?s={search_term_string}\"},\"query-input\":\"required name=search_term_string\"}],\"inLanguage\":\"pt-BR\"}]}<\/script>\n<!-- \/ Yoast SEO plugin. -->","yoast_head_json":{"title":"Projetos de Preven\u00e7\u00e3o e Combate a Inc\u00eandio - VWP ENGENHARIA","robots":{"index":"index","follow":"follow","max-snippet":"max-snippet:-1","max-image-preview":"max-image-preview:large","max-video-preview":"max-video-preview:-1"},"canonical":"https:\/\/vwpengenharia.com.br\/index.php\/projetos-de-prevencao-e-combate-a-incendio\/","og_locale":"pt_BR","og_type":"article","og_title":"Projetos de Preven\u00e7\u00e3o e Combate a Inc\u00eandio - VWP ENGENHARIA","og_description":"Projetos de Preven\u00e7\u00e3o e Combate a Inc\u00eandio Desenvolvimento e assessoria T\u00e9cnica. 01- Desenvolvimento de Projetos Elabora\u00e7\u00e3o e Aprova\u00e7\u00e3o de Projeto T\u00e9cnico junto ao Corpo de Bombeiros contemplando todas as medidas de prote\u00e7\u00e3o ativa e passiva com seus respectivos memoriais e planilhas de c\u00e1lculo exigidas e necess\u00e1rias Assessoria t\u00e9cnica para emiss\u00e3o inicial e renova\u00e7\u00e3o de AVCB [&hellip;]","og_url":"https:\/\/vwpengenharia.com.br\/index.php\/projetos-de-prevencao-e-combate-a-incendio\/","og_site_name":"VWP ENGENHARIA","article_publisher":"https:\/\/pt-br.facebook.com\/vwpengenharia\/","article_modified_time":"2023-04-26T01:20:17+00:00","og_image":[{"url":"https:\/\/vwpengenharia.com.br\/wp-content\/uploads\/2023\/02\/inspecao-de-combate-a-incendio-bx-1.jpg"}],"twitter_card":"summary_large_image","twitter_misc":{"Est. tempo de leitura":"2 minutos"},"schema":{"@context":"https:\/\/schema.org","@graph":[{"@type":"WebPage","@id":"https:\/\/vwpengenharia.com.br\/index.php\/projetos-de-prevencao-e-combate-a-incendio\/","url":"https:\/\/vwpengenharia.com.br\/index.php\/projetos-de-prevencao-e-combate-a-incendio\/","name":"Projetos de Preven\u00e7\u00e3o e Combate a Inc\u00eandio - VWP ENGENHARIA","isPartOf":{"@id":"https:\/\/vwpengenharia.com.br\/#website"},"datePublished":"2023-03-04T05:57:56+00:00","dateModified":"2023-04-26T01:20:17+00:00","breadcrumb":{"@id":"https:\/\/vwpengenharia.com.br\/index.php\/projetos-de-prevencao-e-combate-a-incendio\/#breadcrumb"},"inLanguage":"pt-BR","potentialAction":[{"@type":"ReadAction","target":["https:\/\/vwpengenharia.com.br\/index.php\/projetos-de-prevencao-e-combate-a-incendio\/"]}]},{"@type":"BreadcrumbList","@id":"https:\/\/vwpengenharia.com.br\/index.php\/projetos-de-prevencao-e-combate-a-incendio\/#breadcrumb","itemListElement":[{"@type":"ListItem","position":1,"name":"In\u00edcio","item":"https:\/\/vwpengenharia.com.br\/"},{"@type":"ListItem","position":2,"name":"Projetos de Preven\u00e7\u00e3o e Combate a Inc\u00eandio"}]},{"@type":"WebSite","@id":"https:\/\/vwpengenharia.com.br\/#website","url":"https:\/\/vwpengenharia.com.br\/","name":"VWP ENGENHARIA","description":"Seguran\u00e7a Contra inc\u00eandio","alternateName":"projetos de preven\u00e7\u00e3o e combate a inc\u00eandio.","potentialAction":[{"@type":"SearchAction","target":{"@type":"EntryPoint","urlTemplate":"https:\/\/vwpengenharia.com.br\/?s={search_term_string}"},"query-input":"required name=search_term_string"}],"inLanguage":"pt-BR"}]}},"_links":{"self":[{"href":"https:\/\/vwpengenharia.com.br\/index.php\/wp-json\/wp\/v2\/pages\/313","targetHints":{"allow":["GET"]}}],"collection":[{"href":"https:\/\/vwpengenharia.com.br\/index.php\/wp-json\/wp\/v2\/pages"}],"about":[{"href":"https:\/\/vwpengenharia.com.br\/index.php\/wp-json\/wp\/v2\/types\/page"}],"author":[{"embeddable":true,"href":"https:\/\/vwpengenharia.com.br\/index.php\/wp-json\/wp\/v2\/users\/1"}],"replies":[{"embeddable":true,"href":"https:\/\/vwpengenharia.com.br\/index.php\/wp-json\/wp\/v2\/comments?post=313"}],"version-history":[{"count":19,"href":"https:\/\/vwpengenharia.com.br\/index.php\/wp-json\/wp\/v2\/pages\/313\/revisions"}],"predecessor-version":[{"id":481,"href":"https:\/\/vwpengenharia.com.br\/index.php\/wp-json\/wp\/v2\/pages\/313\/revisions\/481"}],"wp:attachment":[{"href":"https:\/\/vwpengenharia.com.br\/index.php\/wp-json\/wp\/v2\/media?parent=313"}],"curies":[{"name":"wp","href":"https:\/\/api.w.org\/{rel}","templated":true}]}}